{"id":7,"date":"2013-11-29T14:23:12","date_gmt":"2013-11-29T14:23:12","guid":{"rendered":"http:\/\/parkinson-blog.de\/?page_id=7"},"modified":"2015-04-03T20:19:07","modified_gmt":"2015-04-03T20:19:07","slug":"meine-geschichte","status":"publish","type":"page","link":"http:\/\/parkinson-blog.de\/?page_id=7","title":{"rendered":"Meine Geschichte"},"content":{"rendered":"<p>Nach einer sehr gl\u00fccklichen Jugend und einer hervorragenden Ausbildung wurde ich wie alle jungen M\u00e4nner zum Milit\u00e4r eingezogen. Dort hielt ich es einschlie\u00dflich BWL-Studium volle 7 Jahre aus. Schon w\u00e4hrend meiner Dienstzeit wurde mein Vater sehr krank, was mich sehr belastete, er war ja erst 59. Trotzdem \u00e4nderte ich, auch gegen seinen Wunsch, meinen Beruf und wurde Journalist, mein Traum. Ich schrieb \u00fcber die damals immer mehr bekannt werdenden Computer, noch ein Traum. Die letzten beiden Jahre meines Vaters (ich war davon eines Soldat und eines Journalist) waren schwer f\u00fcr mich und ich fing an zu leiden und \u00c4ngste zu entwickeln. Ich hatte viel Angst meinen Vater zu verlieren, was sich in h\u00e4ufigen Verspannungen \u00e4u\u00dferte, die mich lahmlegten was mir als pflichtbewussten Menschen damals sehr schwer viel, ich wollte funktionieren. Nach dem Tod meines Vaters 1985 festigte ich mich im Beruf, kaufte ein Haus und lebte mit meiner Jugendliebe nun schon fast 10 Jahre zusammen, 6 davon verheiratet. Mitten im Job erreichte mich die Nachricht, dass sich meine Stiefschwester umgebracht habe. Ich war am Ende: Job noch nicht sicher, Haus mit Schulden, mein Ratgeber Vater weg und die Stiefschwester nun auch noch tot, ich war so fertig, dass ich nicht mal zum Begr\u00e4bnis fahren konnte.<\/p>\n<p>Was das mit Parkinson zu tun hat? Damals fing es schon an, ich wurde depressiv, \u00e4ngstlich hatte Verspannungen und Migr\u00e4ne. Auch Panikattacken plagten mich. So lie\u00df ich mich in eine Klinik einweisen, wo ich mich aber schlecht f\u00fchlte und mir ein Medikament gar nicht bekam (Ein weit verbreitetes Neuroleptikum). Ich denke, damals ist schon was kaputt gegangen in mir in meinem Kopf, denn ich zeigte starke Parkinson-Symptome. Seit dem mache ich viele Therapien bei den verschiedensten \u00c4rzten durch, mal mehr, mal weniger erfolgreich. So langsam baute ich mir aber doch mein Leben auf und es gab auch wieder mehr gute Zeiten. Ab 37-38 war ich ganz gut drauf, das Zittern ignorierte ich einfach und auch die Panikatacken wurden weniger.<\/p>\n<p>Zu der Zeit entdeckten meine Frau und ich, dass wir wie Bruder und Schwester geworden waren und so zog ich aus um zu lernen wer ich wirklich bin. Noch heute respektiere ich meine erste Frau und bin ihr innerlich sehr verbunden.<\/p>\n<p>Dennoch lernte ich eine neue Frau kennen und heiratete\u00a0sie 2004. \u00a0Die Ehe war nicht einfach, da wir sehr verschieden sind, aber interessant. Ich entschied mich f\u00fcr interessant. Nach wie vor ging es mir gut, ich hatte einen H\u00f6henflug. Meine zweite Frau und ich\u00a0liebten und stritten viel, aber dennoch war eine gro\u00dfe Tiefe da die immer mehr wurde und wird. Nach wie vor ging es mir gut, bis auf die Depressionen, die immer wieder kamen. Doch der Weg trieb mich weiter. Inzwischen wusste ich, das was mit mir nicht stimmte, denn ich roch fast nichts mehr, wieder so ein Parkinson-Zeichen. Richtig schlimm wurde es nach dem Tod meines 23 j\u00e4hrigen Stiefsohns der unschuldige als Beifahrer in einem Unfall get\u00f6tet wurde. Danach ging es mir immer schlechter: Depressionen, \u00c4ngste, Zittern und Steifigkeit am ganzen K\u00f6rper. Da war mir klar, dass ich das untersuchen lassen muss. Auch weil andere Indikatoren hinzu kamen. Zu diesem Zeitpunkt fing ich schon an nach alternativen Heilungen f\u00fcr meine Beschwerden zu suchen.<\/p>\n<p>Ende 2013 dr\u00e4ngte ich auf eine neurologische Untersuchung die ich auch erhielt. Schon auf der Treppe zum Neurologen hat es mich hingesemmelt, weil ich nicht richtig gehen konnte. Es war wohl schlimmer, als ich dachte. Die einschl\u00e4gigen Tests waren alle positiv, weil eben negativ, weil ich versagte. Der Datscan hat sogar den Profi umgehauen, da war fast nichts mehr, was noch leuchtete, zwei kleine Punkte, einer gr\u00f6\u00dfer, einer kleiner. Ich war am Ende, am Boden und doch ist so eine Bodenbildung gut, weil es nicht mehr tiefer geht. Seit dem arbeite ich daran mir und hoffentlich auch anderen zu helfen, dass es ihnen besser geht. Ich setze dabei auf alles, was zus\u00e4tzlich zur klassischen Medikation hilft. Ich versuche dadurch mit Erfolg, die notwendigen synthetischen Medikamente so gering wie m\u00f6glich zu dosieren. Gleichzeitig versuche ich aber nach der Ursache zu forschen und mich nicht mit der Unterdr\u00fcckung der Symptome zufrieden zu geben.<\/p>\n<p>Nun noch ein Wort zur g\u00e4ngigen Lehrmeinung: Ich glaube, dass MP in gewissem Ma\u00dfe stoppbar ist. In einem zweiten Schritt glaube ich auch an Verbesserungen. Zusammen Stopp und Verbesserungen k\u00f6nnten in so etwas m\u00fcnden, das jeder f\u00fcr sich als\u00a0&#8222;Heilung&#8220; betrachten kann.<\/p>\n<p>Und nun macht einfach mit beim Blog der, die sich nicht abfinden.<\/p>\n<p>LG. Campagnol<\/p>\n<p>&nbsp;<\/p>\n","protected":false},"excerpt":{"rendered":"<p>Nach einer sehr gl\u00fccklichen Jugend und einer hervorragenden Ausbildung wurde ich wie alle jungen M\u00e4nner zum Milit\u00e4r eingezogen. Dort hielt ich es einschlie\u00dflich BWL-Studium volle 7 Jahre aus. Schon w\u00e4hrend meiner Dienstzeit wurde mein Vater sehr krank, was mich sehr belastete, er war ja erst 59. Trotzdem \u00e4nderte ich, auch gegen seinen Wunsch, meinen Beruf &hellip; <a href=\"http:\/\/parkinson-blog.de\/?page_id=7\" class=\"more-link\"><span class=\"screen-reader-text\">Meine Geschichte<\/span> weiterlesen <span class=\"meta-nav\">&rarr;<\/span><\/a><\/p>\n","protected":false},"author":1,"featured_media":0,"parent":0,"menu_order":0,"comment_status":"open","ping_status":"open","template":"","meta":{"footnotes":""},"_links":{"self":[{"href":"http:\/\/parkinson-blog.de\/index.php?rest_route=\/wp\/v2\/pages\/7"}],"collection":[{"href":"http:\/\/parkinson-blog.de\/index.php?rest_route=\/wp\/v2\/pages"}],"about":[{"href":"http:\/\/parkinson-blog.de\/index.php?rest_route=\/wp\/v2\/types\/page"}],"author":[{"embeddable":true,"href":"http:\/\/parkinson-blog.de\/index.php?rest_route=\/wp\/v2\/users\/1"}],"replies":[{"embeddable":true,"href":"http:\/\/parkinson-blog.de\/index.php?rest_route=%2Fwp%2Fv2%2Fcomments&post=7"}],"version-history":[{"count":13,"href":"http:\/\/parkinson-blog.de\/index.php?rest_route=\/wp\/v2\/pages\/7\/revisions"}],"predecessor-version":[{"id":10,"href":"http:\/\/parkinson-blog.de\/index.php?rest_route=\/wp\/v2\/pages\/7\/revisions\/10"}],"wp:attachment":[{"href":"http:\/\/parkinson-blog.de\/index.php?rest_route=%2Fwp%2Fv2%2Fmedia&parent=7"}],"curies":[{"name":"wp","href":"https:\/\/api.w.org\/{rel}","templated":true}]}}

<p>Nach einer sehr glücklichen Jugend und einer hervorragenden Ausbildung wurde ich wie alle jungen Männer zum Militär eingezogen. Dort hielt ich es einschließlich BWL-Studium volle 7 Jahre aus. Schon während meiner Dienstzeit wurde mein Vater sehr krank, was mich sehr belastete, er war ja erst 59. Trotzdem änderte ich, auch gegen seinen Wunsch, meinen Beruf und wurde Journalist, mein Traum. Ich schrieb über die damals immer mehr bekannt werdenden Computer, noch ein Traum. Die letzten beiden Jahre meines Vaters (ich war davon eines Soldat und eines Journalist) waren schwer für mich und ich fing an zu leiden und Ängste zu entwickeln. Ich hatte viel Angst meinen Vater zu verlieren, was sich in häufigen Verspannungen äußerte, die mich lahmlegten was mir als pflichtbewussten Menschen damals sehr schwer viel, ich wollte funktionieren. Nach dem Tod meines Vaters 1985 festigte ich mich im Beruf, kaufte ein Haus und lebte mit meiner Jugendliebe nun schon fast 10 Jahre zusammen, 6 davon verheiratet. Mitten im Job erreichte mich die Nachricht, dass sich meine Stiefschwester umgebracht habe. Ich war am Ende: Job noch nicht sicher, Haus mit Schulden, mein Ratgeber Vater weg und die Stiefschwester nun auch noch tot, ich war so fertig, dass ich nicht mal zum Begräbnis fahren konnte.</p>
<p>Was das mit Parkinson zu tun hat? Damals fing es schon an, ich wurde depressiv, ängstlich hatte Verspannungen und Migräne. Auch Panikattacken plagten mich. So ließ ich mich in eine Klinik einweisen, wo ich mich aber schlecht fühlte und mir ein Medikament gar nicht bekam (Ein weit verbreitetes Neuroleptikum). Ich denke, damals ist schon was kaputt gegangen in mir in meinem Kopf, denn ich zeigte starke Parkinson-Symptome. Seit dem mache ich viele Therapien bei den verschiedensten Ärzten durch, mal mehr, mal weniger erfolgreich. So langsam baute ich mir aber doch mein Leben auf und es gab auch wieder mehr gute Zeiten. Ab 37-38 war ich ganz gut drauf, das Zittern ignorierte ich einfach und auch die Panikatacken wurden weniger.</p>
<p>Zu der Zeit entdeckten meine Frau und ich, dass wir wie Bruder und Schwester geworden waren und so zog ich aus um zu lernen wer ich wirklich bin. Noch heute respektiere ich meine erste Frau und bin ihr innerlich sehr verbunden.</p>
<p>Dennoch lernte ich eine neue Frau kennen und heiratete sie 2004.  Die Ehe war nicht einfach, da wir sehr verschieden sind, aber interessant. Ich entschied mich für interessant. Nach wie vor ging es mir gut, ich hatte einen Höhenflug. Meine zweite Frau und ich liebten und stritten viel, aber dennoch war eine große Tiefe da die immer mehr wurde und wird. Nach wie vor ging es mir gut, bis auf die Depressionen, die immer wieder kamen. Doch der Weg trieb mich weiter. Inzwischen wusste ich, das was mit mir nicht stimmte, denn ich roch fast nichts mehr, wieder so ein Parkinson-Zeichen. Richtig schlimm wurde es nach dem Tod meines 23 jährigen Stiefsohns der unschuldige als Beifahrer in einem Unfall getötet wurde. Danach ging es mir immer schlechter: Depressionen, Ängste, Zittern und Steifigkeit am ganzen Körper. Da war mir klar, dass ich das untersuchen lassen muss. Auch weil andere Indikatoren hinzu kamen. Zu diesem Zeitpunkt fing ich schon an nach alternativen Heilungen für meine Beschwerden zu suchen.</p>
<p>Ende 2013 drängte ich auf eine neurologische Untersuchung die ich auch erhielt. Schon auf der Treppe zum Neurologen hat es mich hingesemmelt, weil ich nicht richtig gehen konnte. Es war wohl schlimmer, als ich dachte. Die einschlägigen Tests waren alle positiv, weil eben negativ, weil ich versagte. Der Datscan hat sogar den Profi umgehauen, da war fast nichts mehr, was noch leuchtete, zwei kleine Punkte, einer größer, einer kleiner. Ich war am Ende, am Boden und doch ist so eine Bodenbildung gut, weil es nicht mehr tiefer geht. Seit dem arbeite ich daran mir und hoffentlich auch anderen zu helfen, dass es ihnen besser geht. Ich setze dabei auf alles, was zusätzlich zur klassischen Medikation hilft. Ich versuche dadurch mit Erfolg, die notwendigen synthetischen Medikamente so gering wie möglich zu dosieren. Gleichzeitig versuche ich aber nach der Ursache zu forschen und mich nicht mit der Unterdrückung der Symptome zufrieden zu geben.</p>
<p>Nun noch ein Wort zur gängigen Lehrmeinung: Ich glaube, dass MP in gewissem Maße stoppbar ist. In einem zweiten Schritt glaube ich auch an Verbesserungen. Zusammen Stopp und Verbesserungen könnten in so etwas münden, das jeder für sich als &#8222;Heilung&#8220; betrachten kann.</p>
<p>Und nun macht einfach mit beim Blog der, die sich nicht abfinden.</p>
<p>LG. Campagnol</p>
<p>&nbsp;</p>

<p>Nach einer sehr glücklichen Jugend und einer hervorragenden Ausbildung wurde ich wie alle jungen Männer zum Militär eingezogen. Dort hielt ich es einschließlich BWL-Studium volle 7 Jahre aus. Schon während meiner Dienstzeit wurde mein Vater sehr krank, was mich sehr belastete, er war ja erst 59. Trotzdem änderte ich, auch gegen seinen Wunsch, meinen Beruf &hellip; <a href="http://parkinson-blog.de/?page_id=7" class="more-link"><span class="screen-reader-text">Meine Geschichte</span> weiterlesen <span class="meta-nav">&rarr;</span></a></p>
